 the remainder when 256 is divided by 82?
10
What is the remainder when 1730 is divided by 28?
22
Calculate the remainder when 226 is divided by 57.
55
Calculate the remainder when 2121 is divided by 1056.
9
What is the remainder when 178 is divided by 9?
7
What is the remainder when 31825 is divided by 218?
215
What is the remainder when 311 is divided by 59?
16
What is the remainder when 542 is divided by 36?
2
Calculate the remainder when 8363 is divided by 89.
86
What is the remainder when 97 is divided by 20?
17
What is the remainder when 1459 is divided by 356?
35
Calculate the remainder when 1095 is divided by 122.
119
What is the remainder when 4532 is divided by 63?
59
What is the remainder when 2355 is divided by 18?
15
What is the remainder when 1690 is divided by 17?
7
What is the remainder when 663 is divided by 33?
3
Calculate the remainder when 5896 is divided by 246.
238
What is the remainder when 230 is divided by 34?
26
What is the remainder when 106 is divided by 16?
10
Calculate the remainder when 3033 is divided by 76.
69
What is the remainder when 523 is divided by 33?
28
What is the remainder when 97 is divided by 27?
16
Calculate the remainder when 665 is divided by 164.
9
What is the remainder when 193 is divided by 5?
3
What is the remainder when 22585 is divided by 46?
45
What is the remainder when 45 is divided by 17?
11
Calculate the remainder when 43 is divided by 10.
3
What is the remainder when 264 is divided by 75?
39
Calculate the remainder when 103 is divided by 36.
31
Calculate the remainder when 89 is divided by 5.
4
What is the remainder when 519 is divided by 514?
5
What is the remainder when 1090 is divided by 58?
46
What is the remainder when 309 is divided by 36?
21
Calculate the remainder when 13731 is divided by 7.
4
What is the remainder when 4958 is divided by 1652?
2
Calculate the remainder when 47 is divided by 3.
2
What is the remainder when 1673 is divided by 98?
7
What is the remainder when 160 is divided by 81?
79
What is the remainder when 3031 is divided by 430?
21
What is the remainder when 126 is divided by 6?
0
Calculate the remainder when 2015 is divided by 126.
125
Calculate the remainder when 666 is divided by 76.
58
Calculate the remainder when 4711 is divided by 76.
75
Calculate the remainder when 3182 is divided by 159.
2
Calculate the remainder when 97 is divided by 20.
17
What is the remainder when 1720 is divided by 127?
69
What is the remainder when 54 is divided by 28?
26
Calculate the remainder when 21312 is divided by 49.
46
What is the remainder when 169 is divided by 81?
7
What is the remainder when 391 is divided by 56?
55
What is the remainder when 101 is divided by 69?
32
What is the remainder when 778 is divided by 12?
10
What is the remainder when 134 is divided by 4?
2
Calculate the remainder when 1224 is divided by 41.
35
What is the remainder when 178 is divided by 36?
34
What is the remainder when 94 is divided by 66?
28
Calculate the remainder when 1597 is divided by 94.
93
What is the remainder when 1319 is divided by 2?
1
What is the remainder when 54 is divided by 11?
10
What is the remainder when 538 is divided by 60?
58
Calculate the remainder when 4118 is divided by 40.
38
Calculate the remainder when 4388 is divided by 11.
10
What is the remainder when 408 is divided by 45?
3
Calculate the remainder when 211 is divided by 17.
7
What is the remainder when 34 is divided by 4?
2
What is the remainder when 107 is divided by 23?
15
What is the remainder when 297 is divided by 50?
47
What is the remainder when 352 is divided by 74?
56
Calculate the remainder when 1898 is divided by 938.
22
Calculate the remainder when 258 is divided by 91.
76
What is the remainder when 2193 is divided by 58?
47
What is the remainder when 1272 is divided by 25?
22
What is the remainder when 864 is divided by 15?
9
What is the remainder when 326 is divided by 5?
1
What is the remainder when 289 is divided by 58?
57
What is the remainder when 72 is divided by 34?
4
What is the remainder when 425 is divided by 42?
5
What is the remainder when 67 is divided by 14?
11
Calculate the remainder when 47 is divided by 21.
5
Calculate the remainder when 1590 is divided by 99.
6
Calculate the remainder when 388 is divided by 36.
28
What is the remainder when 196 is divided by 14?
0
Calculate the remainder when 499 is divided by 91.
44
What is the remainder when 2230 is divided by 47?
21
What is the remainder when 374 is divided by 29?
26
Calculate the remainder when 1805 is divided by 15.
5
What is the remainder when 132 is divided by 66?
0
Calculate the remainder when 1912 is divided by 127.
7
Calculate the remainder when 8618 is divided by 56.
50
Calculate the remainder when 202 is divided by 15.
7
What is the remainder when 86 is divided by 38?
10
Calculate the remainder when 668 is divided by 116.
88
What is the remainder when 368 is divided by 179?
10
What is the remainder when 327 is divided by 84?
75
What is the remainder when 100 is divided by 28?
16
What is the remainder when 76 is divided by 41?
35
What is the remainder when 13639 is divided by 19?
16
What is the remainder when 839 is divided by 213?
200
What is the remainder when 1277 is divided by 21?
17
Calculate the remainder when 790 is divided by 159.
154
What is the remainder when 6035 is divided by 58?
3
What is the remainder when 49 is divided by 3?
1
Calculate the remainder when 3178 is divided by 453.
7
Calculate the remainder when 1328 is divided by 22.
8
Calculate the remainder when 223 is divided by 32.
31
What is the remainder when 1000 is divided by 42?
34
Calculate the remainder when 569 is divided by 11.
8
What is the remainder when 554 is divided by 105?
29
What is the remainder when 387 is divided by 103?
78
Calculate the remainder when 388 is divided by 49.
45
Calculate the remainder when 437 is divided by 141.
14
Calculate the remainder when 573 is divided by 81.
6
What is the remainder when 371 is divided by 167?
37
What is the remainder when 140 is divided by 37?
29
Calculate the remainder when 7738 is divided by 45.
43
What is the remainder when 174 is divided by 80?
14
What is the remainder when 221 is divided by 21?
11
What is the remainder when 77 is divided by 50?
27
What is the remainder when 21043 is divided by 183?
181
Calculate the remainder when 463 is divided by 436.
27
Calculate the remainder when 1242 is divided by 15.
12
What is the remainder when 154 is divided by 13?
11
Calculate the remainder when 296 is divided by 252.
44
What is the remainder when 858 is divided by 75?
33
Calculate the remainder when 95 is divided by 55.
40
What is the remainder when 302 is divided by 38?
36
Calculate the remainder when 3474 is divided by 316.
314
What is the remainder when 329 is divided by 86?
71
What is the remainder when 122 is divided by 50?
22
Calculate the remainder when 31 is divided by 23.
8
Calculate the remainder when 84 is divided by 25.
9
Calculate the remainder when 504 is divided by 276.
228
Calculate the remainder when 539 is divided by 297.
242
Calculate the remainder when 273 is divided by 178.
95
What is the remainder when 411 is divided by 40?
11
What is the remainder when 141 is divided by 4?
1
What is the remainder when 23579 is divided by 53?
47
What is the remainder when 1021 is divided by 41?
37
What is the remainder when 39 is divided by 14?
11
Calculate the remainder when 2501 is divided by 167.
163
Calculate the remainder when 269 is divided by 45.
44
Calculate the remainder when 8826 is divided by 81.
78
What is the remainder when 6866 is divided by 237?
230
Calculate the remainder when 66 is divided by 37.
29
What is the remainder when 181 is divided by 31?
26
Calculate the remainder when 351 is divided by 22.
21
Calculate the remainder when 413 is divided by 83.
81
What is the remainder when 173 is divided by 61?
51
Calculate the remainder when 79 is divided by 35.
9
What is the remainder when 998 is divided by 277?
167
Calculate the remainder when 620 is divided by 91.
74
Calculate the remainder when 291 is divided by 21.
18
What is the remainder when 1021 is divided by 57?
52
What is the remainder when 284 is divided by 79?
47
Calculate the remainder when 178 is divide